
What is the remainder when 447738 is divided by 89546?
8
Calculate the remainder when 6870784 is divided by 45.
4
Calculate the remainder when 11848636 is divided by 490.
436
What is the remainder when 642493 is divided by 266?
103
Calculate the remainder when 1811019 is divided by 254.
253
What is the remainder when 39855475 is divided by 120?
115
Calculate the remainder when 79981 is divided by 1311.
10
What is the remainder when 220571 is divided by 73439?
254
Calculate the remainder when 929213 is divided by 331.
96
What is the remainder when 19363397 is divided by 27861?
2
Calculate the remainder when 6333084 is divided by 43.
1
Calculate the remainder when 18231151 is divided by 33513.
79
Calculate the remainder when 4896492 is divided by 20.
12
What is the remainder when 5399738 is divided by 29?
25
What is the remainder when 246107 is divided by 2961?
344
What is the remainder when 47584 is divided by 1726?
982
What is the remainder when 519195 is divided by 64871?
227
Calculate the remainder when 4262766 is divided by 279.
204
Calculate the remainder when 836010 is divided by 4400.
10
What is the remainder when 3456270 is divided by 15293?
52
What is the remainder when 5747614 is divided by 56?
54
What is the remainder when 493462 is divided by 164487?
1
Calculate the remainder when 53993 is divided by 17892.
317
What is the remainder when 11150671 is divided by 122?
115
Calculate the remainder when 2211584 is divided by 30.
14
What is the remainder when 1019168 is divided by 5694?
5636
What is the remainder when 1776384 is divided by 23685?
9
Calculate the remainder when 1538586767 is divided by 816.
815
What is the remainder when 1128725 is divided by 199?
196
Calculate the remainder when 109956 is divided by 18266.
360
Calculate the remainder when 5998422 is divided by 5998405.
17
Calculate the remainder when 1281192 is divided by 160149.
0
What is the remainder when 2126802 is divided by 355?
352
Calculate the remainder when 78212423 is divided by 2721.
2720
Calculate the remainder when 200688 is divided by 24707.
3032
What is the remainder when 1613459 is divided by 30?
29
What is the remainder when 21776409 is divided by 34?
21
What is the remainder when 28577508 is divided by 442?
440
What is the remainder when 1132055 is divided by 9599?
8972
Calculate the remainder when 16176552 is divided by 78910.
2
Calculate the remainder when 1104016364 is divided by 6535.
6534
What is the remainder when 1279609 is divided by 28398?
1699
What is the remainder when 343830 is divided by 171725?
380
Calculate the remainder when 36155627 is divided by 884.
27
Calculate the remainder when 35139078 is divided by 1199.
1184
Calculate the remainder when 6861612 is divided by 3430801.
10
Calculate the remainder when 2469107 is divided by 306.
299
Calculate the remainder when 891014 is divided by 30721.
105
What is the remainder when 84810 is divided by 6482?
544
What is the remainder when 6125761 is divided by 44070?
31
Calculate the remainder when 152476 is divided by 469.
51
What is the remainder when 689467 is divided by 2128?
2123
What is the remainder when 392350 is divided by 130493?
871
Calculate the remainder when 3600205 is divided by 33.
4
What is the remainder when 96956 is divided by 3724?
132
Calculate the remainder when 186099 is divided by 7218.
5649
Calculate the remainder when 2591500 is divided by 5232.
1660
Calculate the remainder when 1399184 is divided by 5068.
416
Calculate the remainder when 138326 is divided by 611.
240
Calculate the remainder when 28820077 is divided by 124.
121
Calculate the remainder when 659501 is divided by 687.
668
Calculate the remainder when 23220254 is divided by 43647.
50
Calculate the remainder when 3896009 is divided by 4711.
12
Calculate the remainder when 47721226 is divided by 516.
514
What is the remainder when 12860438 is divided by 22135?
3
Calculate the remainder when 486292 is divided by 390.
352
What is the remainder when 3761214 is divided by 156717?
6
Calculate the remainder when 213556 is divided by 323.
53
Calculate the remainder when 267974 is divided by 231.
14
What is the remainder when 7877706 is divided by 271641?
117
What is the remainder when 201899 is divided by 1806?
1433
What is the remainder when 3374742 is divided by 1292?
38
What is the remainder when 7294833 is divided by 368?
337
Calculate the remainder when 35287530 is divided by 291.
288
What is the remainder when 700915 is divided by 10158?
13
Calculate the remainder when 753 is divided by 57.
12
What is the remainder when 2517270 is divided by 1394?
1100
Calculate the remainder when 2515963 is divided by 19.
2
Calculate the remainder when 82400429 is divided by 30.
29
What is the remainder when 128439 is divided by 7868?
2551
What is the remainder when 5888076 is divided by 170?
126
Calculate the remainder when 30610 is divided by 7475.
710
What is the remainder when 9111283 is divided by 34?
31
What is the remainder when 1564874 is divided by 321?
320
Calculate the remainder when 2666643 is divided by 1054.
23
Calculate the remainder when 19444113 is divided by 12.
9
What is the remainder when 799402 is divided by 1070?
112
What is the remainder when 1500317 is divided by 5642?
5187
What is the remainder when 412040 is divided by 106?
18
Calculate the remainder when 749438 is divided by 2765.
123
Calculate the remainder when 8860711 is divided by 5393.
12
What is the remainder when 35007795 is divided by 7068?
7059
What is the remainder when 98953 is divided by 43326?
12301
What is the remainder when 1402662 is divided by 475?
462
Calculate the remainder when 72924645 is divided by 186.
183
What is the remainder when 1273418 is divided by 70?
48
Calculate the remainder when 21421895 is divided by 8617.
33
What is the remainder when 5942505 is divided by 1454?
7
Calculate the remainder when 158710 is divided by 735.
685
Calculate the remainder when 2019803 is divided by 2821.
2788
Calculate the remainder when 2425435 is divided by 404227.
73
What is the remainder when 49388225 is divided by 763?
761
Calculate the remainder when 1607374 is divided by 4873.
4157
What is the remainder when 120058 is divided by 38249?
5311
What is the remainder when 867 is divided by 200?
67
What is the remainder when 1301964 is divided by 30272?
268
Calculate the remainder when 1200170 is divided by 665.
510
Calculate the remainder when 1412860 is divided by 164.
0
What is the remainder when 3100412 is divided by 2533?
20
Calculate the remainder when 516949 is divided by 128239.
3993
What is the remainder when 28976914 is divided by 113?
98
Calculate the remainder when 279379 is divided by 92003.
3370
Calculate the remainder when 559021 is divided by 252.
85
What is the remainder when 411268 is divided by 33?
22
What is the remainder when 22886746 is divided by 146?
78
Calculate the remainder when 640007 is divided by 91422.
53
Calculate the remainder when 6507615 is divided by 188.
183
What is the remainder when 14588196 is divided by 1900?
1896
What is the remainder when 10107876 is divided by 399?
9
Calculate the remainder when 6581705 is divided by 117.
104
Calculate the remainder when 3885 is divided by 58.
57
Calculate the remainder when 37920 is divided by 18871.
178
Calculate the remainder when 14749694 is divided by 2416.
14
Calculate the remainder when 92865710 is divided by 23.
13
What is the remainder when 228702489 is divided by 24?
9
What is the remainder when 1150955 is divided by 101?
60
What is the remainder when 1601591 is divided by 66?
35
Calculate the remainder when 4345100 is divided by 2827.
1
What is the remainder when 21369294 is divided by 1678?
1642
What is the remainder when 24669396 is divided by 913681?
9
What is the remainder when 212242 is divided by 8?
2
Calculate the remainder when 2410399 is divided by 607.
2
What is the remainder when 587757 is divided by 38?
11
Calculate the remainder when 4751107 is divided by 1583700.
7
Calculate the remainder when 122276 is divided by 3514.
2800
Calculate the remainder when 5434689 is divided by 89.
82
What is the remainder when 534498 is divided by 302?
260
What is the remainder when 2023834 is divided by 535?
464
Calculate the remainder when 145754 is d